{"id":2488,"date":"2025-06-25T04:06:54","date_gmt":"2025-06-25T04:06:54","guid":{"rendered":"https:\/\/banam.demo-gleads.com\/?page_id=2488"},"modified":"2026-01-19T03:15:31","modified_gmt":"2026-01-19T03:15:31","slug":"contact-vi","status":"publish","type":"page","link":"https:\/\/banamrestaurant.com.au\/index.php\/vi\/contact-vi\/","title":{"rendered":"Contact &#8211; vi"},"content":{"rendered":"\t\t<div data-elementor-type=\"wp-page\" data-elementor-id=\"2488\" class=\"elementor elementor-2488\" data-elementor-post-type=\"page\">\n\t\t\t\t<div class=\"elementor-element elementor-element-001257f e-con-full e-flex e-con e-parent\" data-id=\"001257f\" data-element_type=\"container\">\n\t\t\t\t<div class=\"elementor-element elementor-element-9ab1b82 elementor-widget elementor-widget-image\" data-id=\"9ab1b82\" data-element_type=\"widget\" data-widget_type=\"image.default\">\n\t\t\t\t<div class=\"elementor-widget-container\">\n\t\t\t\t\t\t\t\t\t\t\t\t\t\t\t<img fetchpriority=\"high\" decoding=\"async\" width=\"2560\" height=\"1440\" src=\"https:\/\/banamrestaurant.com.au\/wp-content\/uploads\/2025\/06\/DJI_20250605_151700_48-scaled.jpg\" class=\"attachment-full size-full wp-image-2450\" alt=\"\" srcset=\"https:\/\/banamrestaurant.com.au\/wp-content\/uploads\/2025\/06\/DJI_20250605_151700_48-scaled.jpg 2560w, https:\/\/banamrestaurant.com.au\/wp-content\/uploads\/2025\/06\/DJI_20250605_151700_48-300x169.jpg 300w, https:\/\/banamrestaurant.com.au\/wp-content\/uploads\/2025\/06\/DJI_20250605_151700_48-1024x576.jpg 1024w, https:\/\/banamrestaurant.com.au\/wp-content\/uploads\/2025\/06\/DJI_20250605_151700_48-768x432.jpg 768w, https:\/\/banamrestaurant.com.au\/wp-content\/uploads\/2025\/06\/DJI_20250605_151700_48-1536x864.jpg 1536w, https:\/\/banamrestaurant.com.au\/wp-content\/uploads\/2025\/06\/DJI_20250605_151700_48-2048x1152.jpg 2048w\" sizes=\"(max-width: 2560px) 100vw, 2560px\" \/>\t\t\t\t\t\t\t\t\t\t\t\t\t\t\t<\/div>\n\t\t\t\t<\/div>\n\t\t<div class=\"elementor-element elementor-element-100abd1 e-con-full e-flex e-con e-child\" data-id=\"100abd1\" data-element_type=\"container\" data-settings=\"{&quot;position&quot;:&quot;absolute&quot;}\">\n\t\t\t\t<\/div>\n\t\t<div class=\"elementor-element elementor-element-34aba6d e-con-full e-flex e-con e-child\" data-id=\"34aba6d\" data-element_type=\"container\" data-settings=\"{&quot;position&quot;:&quot;absolute&quot;}\">\n\t\t\t\t<div class=\"elementor-element elementor-element-2ef57b4 elementor-widget elementor-widget-heading\" data-id=\"2ef57b4\" data-element_type=\"widget\" data-widget_type=\"heading.default\">\n\t\t\t\t<div class=\"elementor-widget-container\">\n\t\t\t\t\t<h1 class=\"elementor-heading-title elementor-size-default\">Li\u00ean h\u1ec7<\/h1>\t\t\t\t<\/div>\n\t\t\t\t<\/div>\n\t\t\t\t<\/div>\n\t\t\t\t<\/div>\n\t\t<div class=\"elementor-element elementor-element-4507c0f e-con-full e-flex e-con e-parent\" data-id=\"4507c0f\" data-element_type=\"container\">\n\t\t\t\t<div class=\"elementor-element elementor-element-bf009e0 elementor-widget__width-initial elementor-widget elementor-widget-google_maps\" data-id=\"bf009e0\" data-element_type=\"widget\" data-widget_type=\"google_maps.default\">\n\t\t\t\t<div class=\"elementor-widget-container\">\n\t\t\t\t\t\t\t<div class=\"elementor-custom-embed\">\n\t\t\t<iframe loading=\"lazy\"\n\t\t\t\t\tsrc=\"https:\/\/maps.google.com\/maps?q=65%20Grote%20St%2C%20Adelaide%20SA%205000%2C%20Australia&#038;t=m&#038;z=11&#038;output=embed&#038;iwloc=near\"\n\t\t\t\t\ttitle=\"65 Grote St, Adelaide SA 5000, Australia\"\n\t\t\t\t\taria-label=\"65 Grote St, Adelaide SA 5000, Australia\"\n\t\t\t><\/iframe>\n\t\t<\/div>\n\t\t\t\t\t\t<\/div>\n\t\t\t\t<\/div>\n\t\t<div class=\"elementor-element elementor-element-1c861cb e-flex e-con-boxed e-con e-child\" data-id=\"1c861cb\" data-element_type=\"container\">\n\t\t\t\t\t<div class=\"e-con-inner\">\n\t\t<div class=\"elementor-element elementor-element-e54e57d e-con-full e-flex e-con e-child\" data-id=\"e54e57d\" data-element_type=\"container\">\n\t\t\t\t<div class=\"elementor-element elementor-element-ba71f99 elementor-widget__width-inherit elementor-widget elementor-widget-heading\" data-id=\"ba71f99\" data-element_type=\"widget\" data-widget_type=\"heading.default\">\n\t\t\t\t<div class=\"elementor-widget-container\">\n\t\t\t\t\t<h5 class=\"elementor-heading-title elementor-size-default\">K\u1ebft N\u1ed1i V\u1edbi Ch\u00fang T\u00f4i<\/h5>\t\t\t\t<\/div>\n\t\t\t\t<\/div>\n\t\t\t\t<div class=\"elementor-element elementor-element-db9d599 elementor-widget-divider--view-line elementor-widget elementor-widget-divider\" data-id=\"db9d599\" data-element_type=\"widget\" data-widget_type=\"divider.default\">\n\t\t\t\t<div class=\"elementor-widget-container\">\n\t\t\t\t\t\t\t<div class=\"elementor-divider\">\n\t\t\t<span class=\"elementor-divider-separator\">\n\t\t\t\t\t\t<\/span>\n\t\t<\/div>\n\t\t\t\t\t\t<\/div>\n\t\t\t\t<\/div>\n\t\t<div class=\"elementor-element elementor-element-4f32de5 e-con-full e-flex e-con e-child\" data-id=\"4f32de5\" data-element_type=\"container\">\n\t\t<div class=\"elementor-element elementor-element-b25e42e e-con-full e-flex e-con e-child\" data-id=\"b25e42e\" data-element_type=\"container\">\n\t\t<div class=\"elementor-element elementor-element-e684bee e-con-full e-flex e-con e-child\" data-id=\"e684bee\" data-element_type=\"container\">\n\t\t\t\t<div class=\"elementor-element elementor-element-50ac446 elementor-widget elementor-widget-heading\" data-id=\"50ac446\" data-element_type=\"widget\" data-widget_type=\"heading.default\">\n\t\t\t\t<div class=\"elementor-widget-container\">\n\t\t\t\t\t<h2 class=\"elementor-heading-title elementor-size-default\">\u0110\u1ecba ch\u1ec9\u200b<\/h2>\t\t\t\t<\/div>\n\t\t\t\t<\/div>\n\t\t\t\t<div class=\"elementor-element elementor-element-5b53749 elementor-widget elementor-widget-heading\" data-id=\"5b53749\" data-element_type=\"widget\" data-widget_type=\"heading.default\">\n\t\t\t\t<div class=\"elementor-widget-container\">\n\t\t\t\t\t<h2 class=\"elementor-heading-title elementor-size-default\">65 Grote St, Adelaide SA 5000, Australia<\/h2>\t\t\t\t<\/div>\n\t\t\t\t<\/div>\n\t\t\t\t<\/div>\n\t\t<div class=\"elementor-element elementor-element-f147262 e-con-full e-flex e-con e-child\" data-id=\"f147262\" data-element_type=\"container\">\n\t\t\t\t<div class=\"elementor-element elementor-element-0910b97 elementor-widget elementor-widget-heading\" data-id=\"0910b97\" data-element_type=\"widget\" data-widget_type=\"heading.default\">\n\t\t\t\t<div class=\"elementor-widget-container\">\n\t\t\t\t\t<h2 class=\"elementor-heading-title elementor-size-default\">Email<\/h2>\t\t\t\t<\/div>\n\t\t\t\t<\/div>\n\t\t\t\t<div class=\"elementor-element elementor-element-c678ae7 elementor-widget elementor-widget-heading\" data-id=\"c678ae7\" data-element_type=\"widget\" data-widget_type=\"heading.default\">\n\t\t\t\t<div class=\"elementor-widget-container\">\n\t\t\t\t\t<h2 class=\"elementor-heading-title elementor-size-default\">banamrestaurant@hotmail.com<\/h2>\t\t\t\t<\/div>\n\t\t\t\t<\/div>\n\t\t\t\t<\/div>\n\t\t\t\t<\/div>\n\t\t<div class=\"elementor-element elementor-element-d3272b6 e-con-full e-flex e-con e-child\" data-id=\"d3272b6\" data-element_type=\"container\">\n\t\t<div class=\"elementor-element elementor-element-64911ed e-con-full e-flex e-con e-child\" data-id=\"64911ed\" data-element_type=\"container\">\n\t\t\t\t<div class=\"elementor-element elementor-element-ba45924 elementor-widget elementor-widget-heading\" data-id=\"ba45924\" data-element_type=\"widget\" data-widget_type=\"heading.default\">\n\t\t\t\t<div class=\"elementor-widget-container\">\n\t\t\t\t\t<h2 class=\"elementor-heading-title elementor-size-default\">\u0110i\u1ec7n tho\u1ea1i<\/h2>\t\t\t\t<\/div>\n\t\t\t\t<\/div>\n\t\t\t\t<div class=\"elementor-element elementor-element-72557f5 elementor-widget elementor-widget-heading\" data-id=\"72557f5\" data-element_type=\"widget\" data-widget_type=\"heading.default\">\n\t\t\t\t<div class=\"elementor-widget-container\">\n\t\t\t\t\t<h2 class=\"elementor-heading-title elementor-size-default\">+61 881510106<\/h2>\t\t\t\t<\/div>\n\t\t\t\t<\/div>\n\t\t\t\t<\/div>\n\t\t<div class=\"elementor-element elementor-element-ff5d281 e-con-full e-flex e-con e-child\" data-id=\"ff5d281\" data-element_type=\"container\">\n\t\t\t\t<div class=\"elementor-element elementor-element-0ae9997 elementor-widget elementor-widget-heading\" data-id=\"0ae9997\" data-element_type=\"widget\" data-widget_type=\"heading.default\">\n\t\t\t\t<div class=\"elementor-widget-container\">\n\t\t\t\t\t<h2 class=\"elementor-heading-title elementor-size-default\">Gi\u1edd m\u1edf c\u1eeda<\/h2>\t\t\t\t<\/div>\n\t\t\t\t<\/div>\n\t\t\t\t<div class=\"elementor-element elementor-element-db0c085 elementor-widget elementor-widget-heading\" data-id=\"db0c085\" data-element_type=\"widget\" data-widget_type=\"heading.default\">\n\t\t\t\t<div class=\"elementor-widget-container\">\n\t\t\t\t\t<h2 class=\"elementor-heading-title elementor-size-default\">Th\u1ee9 Hai \u2013 Ch\u1ee7 Nh\u1eadt 11:00 AM \u2013 21:30 PM <\/h2>\t\t\t\t<\/div>\n\t\t\t\t<\/div>\n\t\t\t\t<\/div>\n\t\t\t\t<\/div>\n\t\t\t\t<\/div>\n\t\t\t\t<\/div>\n\t\t<div class=\"elementor-element elementor-element-ce1d3b6 e-con-full e-flex e-con e-child\" data-id=\"ce1d3b6\" data-element_type=\"container\">\n\t\t\t\t<div class=\"elementor-element elementor-element-254c743 elementor-widget__width-inherit elementor-widget elementor-widget-heading\" data-id=\"254c743\" data-element_type=\"widget\" data-widget_type=\"heading.default\">\n\t\t\t\t<div class=\"elementor-widget-container\">\n\t\t\t\t\t<h5 class=\"elementor-heading-title elementor-size-default\">H\u00e3y K\u1ec3 Ch\u00fang T\u00f4i Nghe V\u1ec1 Tr\u1ea3i Nghi\u1ec7m C\u1ee7a B\u1ea1n<\/h5>\t\t\t\t<\/div>\n\t\t\t\t<\/div>\n\t\t\t\t<div class=\"elementor-element elementor-element-a4f3029 elementor-widget-divider--view-line elementor-widget elementor-widget-divider\" data-id=\"a4f3029\" data-element_type=\"widget\" data-widget_type=\"divider.default\">\n\t\t\t\t<div class=\"elementor-widget-container\">\n\t\t\t\t\t\t\t<div class=\"elementor-divider\">\n\t\t\t<span class=\"elementor-divider-separator\">\n\t\t\t\t\t\t<\/span>\n\t\t<\/div>\n\t\t\t\t\t\t<\/div>\n\t\t\t\t<\/div>\n\t\t\t\t<div class=\"elementor-element elementor-element-63a08bc elementor-widget__width-inherit elementor-button-align-stretch elementor-widget elementor-widget-form\" data-id=\"63a08bc\" data-element_type=\"widget\" data-settings=\"{&quot;button_width&quot;:&quot;25&quot;,&quot;step_next_label&quot;:&quot;Next&quot;,&quot;step_previous_label&quot;:&quot;Previous&quot;,&quot;step_type&quot;:&quot;number_text&quot;,&quot;step_icon_shape&quot;:&quot;circle&quot;}\" data-widget_type=\"form.default\">\n\t\t\t\t<div class=\"elementor-widget-container\">\n\t\t\t\t\t\t\t<form class=\"elementor-form\" method=\"post\" name=\"Contact Form 1\">\n\t\t\t<input type=\"hidden\" name=\"post_id\" value=\"2488\"\/>\n\t\t\t<input type=\"hidden\" name=\"form_id\" value=\"63a08bc\"\/>\n\t\t\t<input type=\"hidden\" name=\"referer_title\" value=\"Contact &#8211; vi\" \/>\n\n\t\t\t\t\t\t\t<input type=\"hidden\" name=\"queried_id\" value=\"2488\"\/>\n\t\t\t\n\t\t\t<div class=\"elementor-form-fields-wrapper elementor-labels-above\">\n\t\t\t\t\t\t\t\t<div class=\"elementor-field-type-text elementor-field-group elementor-column elementor-field-group-name elementor-col-100\">\n\t\t\t\t\t\t\t\t\t\t\t\t\t<input size=\"1\" type=\"text\" name=\"form_fields[name]\" id=\"form-field-name\" class=\"elementor-field elementor-size-sm  elementor-field-textual\" placeholder=\"H\u1ecd t\u00ean\">\n\t\t\t\t\t\t\t\t\t\t\t<\/div>\n\t\t\t\t\t\t\t\t<div class=\"elementor-field-type-email elementor-field-group elementor-column elementor-field-group-email elementor-col-100 elementor-field-required\">\n\t\t\t\t\t\t\t\t\t\t\t\t\t<input size=\"1\" type=\"email\" name=\"form_fields[email]\" id=\"form-field-email\" class=\"elementor-field elementor-size-sm  elementor-field-textual\" placeholder=\"Email\" required=\"required\">\n\t\t\t\t\t\t\t\t\t\t\t<\/div>\n\t\t\t\t\t\t\t\t<div class=\"elementor-field-type-text elementor-field-group elementor-column elementor-field-group-phone elementor-col-100 elementor-field-required\">\n\t\t\t\t\t\t\t\t\t\t\t\t\t<input size=\"1\" type=\"text\" name=\"form_fields[phone]\" id=\"form-field-phone\" class=\"elementor-field elementor-size-sm  elementor-field-textual\" placeholder=\"S\u1ed1 \u0111i\u1ec7n tho\u1ea1i\" required=\"required\">\n\t\t\t\t\t\t\t\t\t\t\t<\/div>\n\t\t\t\t\t\t\t\t<div class=\"elementor-field-type-textarea elementor-field-group elementor-column elementor-field-group-message elementor-col-100\">\n\t\t\t\t\t<textarea class=\"elementor-field-textual elementor-field  elementor-size-sm\" name=\"form_fields[message]\" id=\"form-field-message\" rows=\"4\" placeholder=\"L\u1eddi nh\u1eafn\"><\/textarea>\t\t\t\t<\/div>\n\t\t\t\t\t\t\t\t<div class=\"elementor-field-group elementor-column elementor-field-type-submit elementor-col-25 e-form__buttons\">\n\t\t\t\t\t<button class=\"elementor-button elementor-size-xs\" type=\"submit\">\n\t\t\t\t\t\t<span class=\"elementor-button-content-wrapper\">\n\t\t\t\t\t\t\t\t\t\t\t\t\t\t\t\t\t\t\t\t\t\t<span class=\"elementor-button-text\">G\u1eedi l\u1eddi nh\u1eafn<\/span>\n\t\t\t\t\t\t\t\t\t\t\t\t\t<\/span>\n\t\t\t\t\t<\/button>\n\t\t\t\t<\/div>\n\t\t\t<\/div>\n\t\t<\/form>\n\t\t\t\t\t\t<\/div>\n\t\t\t\t<\/div>\n\t\t\t\t<div class=\"elementor-element elementor-element-3236f0f elementor-widget elementor-widget-heading\" data-id=\"3236f0f\" data-element_type=\"widget\" data-widget_type=\"heading.default\">\n\t\t\t\t<div class=\"elementor-widget-container\">\n\t\t\t\t\t<div class=\"elementor-heading-title elementor-size-default\">D\u00f9 b\u1ea1n c\u00f3 th\u1eafc m\u1eafc v\u1ec1 th\u1ef1c \u0111\u01a1n, chia s\u1ebb c\u1ea3m nh\u1eadn sau b\u1eefa \u0103n, hay mu\u1ed1n g\u1eedi g\u1eafm m\u1ed9t y\u00eau c\u1ea7u \u0111\u1eb7c bi\u1ec7t cho l\u1ea7n gh\u00e9 th\u0103m k\u1ebf ti\u1ebfp \u2014 B\u00e0 N\u0103m Restaurant lu\u00f4n s\u1eb5n s\u00e0ng l\u1eafng nghe. G\u1eedi l\u1eddi nh\u1eafn t\u1ea1i \u0111\u00e2y, v\u00e0 \u0111\u1ed9i ng\u0169 c\u1ee7a ch\u00fang t\u00f4i s\u1ebd ph\u1ea3n h\u1ed3i b\u1ea1n trong th\u1eddi gian s\u1edbm nh\u1ea5t.<\/div>\t\t\t\t<\/div>\n\t\t\t\t<\/div>\n\t\t\t\t<\/div>\n\t\t\t\t\t<\/div>\n\t\t\t\t<\/div>\n\t\t\t\t<\/div>\n\t\t\t\t<\/div>\n\t\t","protected":false},"excerpt":{"rendered":"<p>Li\u00ean h\u1ec7 K\u1ebft N\u1ed1i V\u1edbi Ch\u00fang T\u00f4i \u0110\u1ecba ch\u1ec9\u200b 65 Grote St, Adelaide SA 5000, Australia Email banamrestaurant@hotmail.com \u0110i\u1ec7n tho\u1ea1i +61 881510106 Gi\u1edd m\u1edf c\u1eeda Th\u1ee9 Hai \u2013 Ch\u1ee7 Nh\u1eadt 11:00 AM \u2013 21:30 PM H\u00e3y K\u1ec3 Ch\u00fang T\u00f4i Nghe V\u1ec1 Tr\u1ea3i Nghi\u1ec7m C\u1ee7a B\u1ea1n D\u00f9 b\u1ea1n c\u00f3 th\u1eafc m\u1eafc v\u1ec1 th\u1ef1c \u0111\u01a1n, chia s\u1ebb [&hellip;]<\/p>\n","protected":false},"author":1,"featured_media":0,"parent":0,"menu_order":0,"comment_status":"closed","ping_status":"closed","template":"","meta":{"footnotes":""},"class_list":["post-2488","page","type-page","status-publish","hentry"],"_links":{"self":[{"href":"https:\/\/banamrestaurant.com.au\/index.php\/wp-json\/wp\/v2\/pages\/2488","targetHints":{"allow":["GET"]}}],"collection":[{"href":"https:\/\/banamrestaurant.com.au\/index.php\/wp-json\/wp\/v2\/pages"}],"about":[{"href":"https:\/\/banamrestaurant.com.au\/index.php\/wp-json\/wp\/v2\/types\/page"}],"author":[{"embeddable":true,"href":"https:\/\/banamrestaurant.com.au\/index.php\/wp-json\/wp\/v2\/users\/1"}],"replies":[{"embeddable":true,"href":"https:\/\/banamrestaurant.com.au\/index.php\/wp-json\/wp\/v2\/comments?post=2488"}],"version-history":[{"count":37,"href":"https:\/\/banamrestaurant.com.au\/index.php\/wp-json\/wp\/v2\/pages\/2488\/revisions"}],"predecessor-version":[{"id":3522,"href":"https:\/\/banamrestaurant.com.au\/index.php\/wp-json\/wp\/v2\/pages\/2488\/revisions\/3522"}],"wp:attachment":[{"href":"https:\/\/banamrestaurant.com.au\/index.php\/wp-json\/wp\/v2\/media?parent=2488"}],"curies":[{"name":"wp","href":"https:\/\/api.w.org\/{rel}","templated":true}]}}